 3. Let w be q(s). Suppose 5*d - d - w = 0. What is the highest common factor of d and 26?
13
Let o = 11 - -10. Let y = o - 17. What is the greatest common divisor of y and 6?
2
Suppose -x = -5*x + 12. Let t be 7/((x/12)/1). Suppose 5*q = 33 + 37. Calculate the greatest common factor of t and q.
14
Let m(v) = 15*v**2 - v. Let f be m(1). Calculate the highest common factor of f and 42.
14
Let y = -61 + 89. Suppose 4*j - v - 15 = 0, -j + 5*v = 10 - y. Suppose -g + 36 = j*g. What is the greatest common factor of 9 and g?
9
Suppose 2*g + m = 23, 3*g - 67 = m + 4*m. What is the highest common factor of 98 and g?
14
Let p be 4/(-2) - -19*2. Calculate the greatest common divisor of 48 and p.
12
Let l be (-1115)/(-20) - (-1)/4. Let z = -34 + l. What is the highest common factor of 176 and z?
22
Let h(q) = 6*q**2 + 3*q - 6. Let t be h(4). Let g = t + -18. Suppose -5*x - 59 = -3*s - 170, x + 2*s = 17. Calculate the highest common factor of g and x.
21
Suppose -z + 6*z = 110. Let b be (-2)/3 + z/6. Suppose -2*u - 5*d + d = -68, 0 = -5*u - 3*d + 156. Calculate the highest common divisor of b and u.
3
Suppose 5*j - 5*o - 8 - 12 = 0, 4*j - 22 = -2*o. Calculate the highest common factor of j and 10.
5
Suppose 2*f = -z - 0*f + 41, 3*f = -3*z + 135. What is the greatest common factor of z and 7?
7
Let c(k) = -k - 5. Let u be c(-10). Let o = -1 + u. Let v be (4 - 1) + o + -4. Calculate the highest common factor of 33 and v.
3
Let q = 42 + -10. What is the greatest common divisor of q and 80?
16
Let f be 2988/30 + (-3)/5. What is the highest common factor of 9 and f?
9
Suppose -o = 2*p - 15, -5*o = 4*p - 7*p - 49. Let v = -2 + 13. Calculate the highest common factor of o and v.
11
Let c(d) = -d + 1. Let i be c(4). Let t be i/5*(-5 - 0). Calculate the greatest common divisor of 3 and t.
3
Let c be ((-20)/(-15))/(2/114). Calculate the highest common factor of c and 19.
19
Suppose 5*z = 4*x + 4*z - 334, -2*x + 164 = -2*z. Calculate the greatest common factor of x and 28.
28
Let h = 12 + -7. Suppose 4*z - 37 = 103. What is the greatest common divisor of z and h?
5
Let b(x) = x**3 - 8*x**2 + 7*x - 2. Let v be b(7). Let l = 5 + v. Calculate the highest common factor of 9 and l.
3
Let o = 31 - 20. What is the highest common factor of 55 and o?
11
Suppose 14*v = 12*v + 44. Let r(d) = d**2 - 2*d - 3. Let t be r(-2). Suppose y + 5*b = 12, -t*y + 0*y + 12 = b. Calculate the highest common divisor of v and y.
2
Let s(t) = -8*t**2 + 42*t + 3. Let m be s(5). What is the greatest common factor of m and 39?
13
Suppose 0 = -3*i + 3*z - 3, 0 = i + 5*z - 23 + 6. Let r = i + 1. Suppose -u - r*u + 44 = 0. Calculate the greatest common factor of 66 and u.
11
Let r be -4 + (-3 - -50) - -2. Calculate the greatest common divisor of r and 5.
5
Suppose 2*x - 56 = -20. Calculate the greatest common factor of 126 and x.
18
Let h(x) = -x**3 + 10*x**2 - 7*x + 3. Suppose -5*w + 5 + 40 = 0. Let l be h(w). Suppose 2*t - 224 = 112. What is the highest common factor of l and t?
21
Let g(k) = -k**2 - 12*k - 9. Let s be g(-11). Suppose 0 = -5*j - 5*z + 368 + 67, s*j + z - 171 = 0. What is the highest common factor of 12 and j?
12
Let o(l) = l + 3. Let b be o(-4). Let y = b - -5. Suppose -w - y*j = -23 + 9, -j = -4*w + 56. What is the highest common divisor of w and 42?
14
Let o = -16 - -33. Calculate the highest common divisor of 136 and o.
17
Suppose 0 = 2*h - 3*h + 93. Let k = 173 - h. What is the highest common divisor of k and 10?
10
Suppose -3*u + 52 = w + 3, 0 = -4*u + 2*w + 82. What is the greatest common divisor of 90 and u?
18
Let m(h) = 48*h**3 + h**2 + h - 1. Let t be m(1). Let c = 85 - t. Calculate the highest common factor of c and 4.
4
Let t be ((-6)/8)/(4/(-112)). Let c be -1 - (-1 + -1) - -32. Suppose 0 = 5*s - c - 2. Calculate the greatest common divisor of s and t.
7
Let a(l) = -l**3 - 2*l**2 + 2. Let w be a(-2). Let t be (4 - -2) + w/1. Calculate the greatest common divisor of t and 8.
8
Let u = 336 - 206. Suppose -2*a - 4 - 4 = 0, -c = -5*a - u. Let p = 5 - -6. Calculate the highest common divisor of p and c.
11
Let t(p) = -2*p - 1. Let w be t(-2). Suppose 4 - 3 = -i, -9 = -2*y - w*i. What is the highest common factor of y and 6?
6
Suppose 4*b - 604 = 124. Calculate the highest common divisor of 52 and b.
26
Let n = 7 - 4. Suppose -2*o - 3*p + 5 = 2*o, p - n = -2*o. Calculate the highest common divisor of o and 18.
2
Let i = 6 + -3. Suppose -d + 5*y = -22, -2*d + 6 + 12 = i*y. Suppose 5*p = x - 8, -x - 3*p = -10 - 14. Calculate the highest common factor of d and x.
6
Let n(z) = -z**2 + 17*z - 22. Let g be n(14). Calculate the greatest common factor of g and 10.
10
Let j = 151 - 65. What is the highest common factor of 215 and j?
43
Suppose 19 = 2*y - 3*v + 5, 0 = -3*y + 4*v + 21. What is the greatest common divisor of y and 1?
1
Let i(t) = t**3 - 11*t**2 + 11*t + 9. Let k be i(10). What is the highest common factor of k and 19?
19
Suppose 3*q - 4 - 32 = 0. Let l(s) = -4*s + 2. Let w be l(2). Let z(t) = -t - 2. Let k be z(w). What is the highest common factor of q and k?
4
Let c be (-1 - 2/(-10))*-45. What is the greatest common factor of 18 and c?
18
Suppose 2*w - 3*z = -7, 0*w - 3*w - 2*z = -9. Calculate the highest common divisor of 7 and w.
1
Let c = -235 + 469. Calculate the greatest common divisor of 26 and c.
26
Let o = -2 - -1. Let a = 4 + o. Let i = 1178 - 1148. What is the highest common factor of i and a?
3
Let r = 63 + -38. Calculate the greatest common divisor of r and 20.
5
Suppose -4*t - 26 + 250 = -4*o, 0 = -4*t - 5*o + 215. Let r = -31 + t. What is the greatest common factor of r and 3?
3
Let f be 8 - -1 - (-1)/1. Calculate the greatest common factor of 10 and f.
10
Let n = -7 + 18. Calculate the highest common divisor of n and 11.
11
Suppose -s - 2 = -11. Calculate the highest common factor of 72 and s.
9
Suppose -6*g + 85 = -g. Suppose -3*u = 2*u - 2*s + 3, 3*s = -5*u + g. Let l be 2 + (u - 2)*-1. Calculate the highest common divisor of 33 and l.
3
Let i(o) = o**3 - 4*o**2 + 3*o - 4. Let f = 3 - -1. Suppose -12 = -f*k + k. Let b be i(k). Calculate the greatest common divisor of 64 and b.
8
Suppose 4*x - 25 = -x. Suppose -3*u - x + 20 = 0. Let p(i) = -i**3 + 6*i**2 - 3*i - 4. Let d be p(u). Calculate the greatest common factor of 2 and d.
2
Suppose -2*g - 114 = -4*g. Calculate the highest common divisor of g and 38.
19
Suppose 6*f = 3*f + 9. Suppose f*g + 3 + 18 = 0. Let q be (22 + 0)*g/(-2). What is the greatest common divisor of 11 and q?
11
Suppose 2*s = 14 - 4. Suppose -g = -0*g - s. Suppose 0 = g*f + 4 - 44. Calculate the highest common divisor of 4 and f.
4
Let u = 7 - 3. Suppose 2*h - 21 = -2*g + 63, u*g - 195 = 5*h. Calculate the greatest common factor of g and 15.
15
Suppose -4*w - 5*y = -23, 0 = -0*y + 5*y - 15. Suppose -3*q = -0*q - 2*d - 353, -w*d = -4*q + 470. What is the greatest common factor of 13 and q?
13
Suppose k - 5*d - 18 = -0*k, 36 = 2*k - d. Let v(u) = 1 + 2*u - 2 - 1. Let i be v(7). What is the greatest common divisor of i and k?
6
Let v = 45 + -9. Calculate the greatest common factor of v and 72.
36
Suppose -2*o + m - 37 = 0, 8*o + 5*m + 67 = 4*o. Let w = 15 - o. Calculate the greatest common divisor of w and 11.
11
Let a(s) = s**2 + s + 2. Let c be a(0). What is the highest common factor of c and 4?
2
Let x be (-27)/(-9) - (1 + -3). Calculate the highest common factor of x and 2.
1
Suppose -3*d = -5*l + 47, -l - 3*d = 2*d + 13. Calculate the greatest common divisor of l and 77.
7
Suppose -2*o - 10 = -4*o. Let v be 5/(-2)*(o + -9). What is the highest common factor of v and 5?
5
Suppose 7 = 5*b - 4*a, 0 = 4*a - 3 - 5. Calculate the highest common divisor of 33 and b.
3
Let c(m) be the second derivative of 2*m**3 - m**2 + 6*m. Let p be c(2). What is the greatest common divisor of 44 and p?
22
Let f = 13 - 5. What is the highest common factor of f and 20?
4
Let i be 4/18 + 665/45. Calculate the greatest common factor of i and 60.
15
Suppose -3*u = -9*u + 66. Let p = 20 - u. What is the greatest common factor of 72 and p?
9
Let x(q) be the first derivative of -q**4/4 - q**3/3 - q**2/2 - 8*q - 1. Let w be x(0). Let n = 20 - w. What is the greatest common factor of 70 and n?
14
Let c = 59 - 39. What is the highest common factor of c and 